{"id":48,"date":"2023-11-25T18:34:34","date_gmt":"2023-11-25T17:34:34","guid":{"rendered":"https:\/\/morganetaverniers.com\/?page_id=48"},"modified":"2025-07-29T12:14:32","modified_gmt":"2025-07-29T10:14:32","slug":"mentions-legales","status":"publish","type":"page","link":"https:\/\/morganetaverniers.com\/index.php\/mentions-legales\/","title":{"rendered":"Mentions L\u00e9gales"},"content":{"rendered":"\n<p>Conform\u00e9ment aux dispositions de la loi n\u00b0 2004-575 du 21 juin 2004 pour la confiance en l&rsquo;\u00e9conomie num\u00e9rique, il est pr\u00e9cis\u00e9 aux utilisateurs du site Morgane Taverniers l&rsquo;identit\u00e9 des diff\u00e9rents intervenants dans le cadre de sa r\u00e9alisation et de son suivi.<\/p>\n\n\n\n<p><strong>Edition du site<\/strong>&nbsp;<\/p>\n\n\n\n<p>Le site Morgane Taverniers, accessible \u00e0 l\u2019adresse www.morganetaverniers.com, est \u00e9dit\u00e9 par la soci\u00e9t\u00e9 Morgane Taverniers dont le si\u00e8ge social est situ\u00e9 au 1 chemin de Borre, 59114 Saint Sylvestre Cappel.<\/p>\n\n\n\n<ul class=\"wp-block-list\">\n<li>Forme Juridique : Micro-entreprise<\/li>\n\n\n\n<li>SIREN : 947852067<\/li>\n<\/ul>\n\n\n\n<p><strong>H\u00e9bergement<\/strong><\/p>\n\n\n\n<p>Le Site est h\u00e9berg\u00e9 par la soci\u00e9t\u00e9 Hostinger International LTD, situ\u00e9 , 61 Lordou Vironos Street, 6023 Larnaca, Chypre. (contact t\u00e9l\u00e9phonique ou email : https:\/\/www.hostinger.fr\/contact).<\/p>\n\n\n\n<p><strong>Directeur de publication&nbsp;<\/strong><\/p>\n\n\n\n<p>Le Directeur de la publication du Site est Morgane Taverniers.<\/p>\n\n\n\n<p><strong>Nous contacter&nbsp;<\/strong><\/p>\n\n\n\n<ul class=\"wp-block-list\">\n<li>Par email&nbsp;: contact@morganetaverniers.com<\/li>\n<\/ul>\n\n\n\n<p><strong>Donn\u00e9es personnelles<\/strong><\/p>\n\n\n\n<p>Le traitement de vos donn\u00e9es \u00e0 caract\u00e8re personnel est r\u00e9gi par notre Charte du respect de la vie priv\u00e9e, disponible depuis la section \u00ab\u00a0Politique de confidentialit\u00e9\u00a0\u00bb, conform\u00e9ment au R\u00e8glement G\u00e9n\u00e9ral sur la Protection des Donn\u00e9es 2016\/679 du 27 avril 2016 (\u00abRGPD\u00bb).<\/p>\n","protected":false},"excerpt":{"rendered":"<p>Conform\u00e9ment aux dispositions de la loi n\u00b0 2004-575 du 21 juin 2004 pour la confiance en l&rsquo;\u00e9conomie num\u00e9rique, il est pr\u00e9cis\u00e9 aux utilisateurs du site Morgane Taverniers l&rsquo;identit\u00e9 des diff\u00e9rents intervenants dans le cadre de sa r\u00e9alisation et de son suivi. Edition du site&nbsp; Le site Morgane Taverniers, accessible \u00e0 l\u2019adresse www.morganetaverniers.com, est \u00e9dit\u00e9 par la soci\u00e9t\u00e9 Morgane Taverniers dont le si\u00e8ge social est situ\u00e9 au 1 chemin de Borre, 59114 Saint Sylvestre Cappel. H\u00e9bergement Le Site est h\u00e9berg\u00e9 par la soci\u00e9t\u00e9 Hostinger International LTD, situ\u00e9 , 61 Lordou Vironos Street, 6023 Larnaca, Chypre. (contact t\u00e9l\u00e9phonique ou email : https:\/\/www.hostinger.fr\/contact). Directeur de publication&nbsp; Le Directeur de la publication du Site est Morgane Taverniers. Nous contacter&nbsp; Donn\u00e9es personnelles Le traitement de vos donn\u00e9es \u00e0 caract\u00e8re personnel est r\u00e9gi par notre Charte du respect de la vie priv\u00e9e, disponible depuis la section \u00ab\u00a0Politique de confidentialit\u00e9\u00a0\u00bb, conform\u00e9ment au R\u00e8glement G\u00e9n\u00e9ral sur la Protection des Donn\u00e9es 2016\/679 du 27 avril 2016 (\u00abRGPD\u00bb).<\/p>\n","protected":false},"author":1,"featured_media":0,"parent":0,"menu_order":0,"comment_status":"closed","ping_status":"closed","template":"","meta":{"_monsterinsights_skip_tracking":false,"_monsterinsights_sitenote_active":false,"_monsterinsights_sitenote_note":"","_monsterinsights_sitenote_category":0,"footnotes":""},"class_list":["post-48","page","type-page","status-publish","hentry"],"aioseo_notices":[],"jetpack_sharing_enabled":true,"_links":{"self":[{"href":"https:\/\/morganetaverniers.com\/index.php\/wp-json\/wp\/v2\/pages\/48","targetHints":{"allow":["GET"]}}],"collection":[{"href":"https:\/\/morganetaverniers.com\/index.php\/wp-json\/wp\/v2\/pages"}],"about":[{"href":"https:\/\/morganetaverniers.com\/index.php\/wp-json\/wp\/v2\/types\/page"}],"author":[{"embeddable":true,"href":"https:\/\/morganetaverniers.com\/index.php\/wp-json\/wp\/v2\/users\/1"}],"replies":[{"embeddable":true,"href":"https:\/\/morganetaverniers.com\/index.php\/wp-json\/wp\/v2\/comments?post=48"}],"version-history":[{"count":6,"href":"https:\/\/morganetaverniers.com\/index.php\/wp-json\/wp\/v2\/pages\/48\/revisions"}],"predecessor-version":[{"id":1521,"href":"https:\/\/morganetaverniers.com\/index.php\/wp-json\/wp\/v2\/pages\/48\/revisions\/1521"}],"wp:attachment":[{"href":"https:\/\/morganetaverniers.com\/index.php\/wp-json\/wp\/v2\/media?parent=48"}],"curies":[{"name":"wp","href":"https:\/\/api.w.org\/{rel}","templated":true}]}}