{"id":966,"date":"2023-11-29T13:17:36","date_gmt":"2023-11-29T12:17:36","guid":{"rendered":"https:\/\/morganetaverniers.com\/?page_id=966"},"modified":"2023-11-30T10:01:18","modified_gmt":"2023-11-30T09:01:18","slug":"a-propos","status":"publish","type":"page","link":"https:\/\/morganetaverniers.com\/index.php\/a-propos\/","title":{"rendered":"A propos"},"content":{"rendered":"\n<p><strong>Qui suis-je ?&nbsp;<\/strong><\/p>\n\n\n\n<div class=\"wp-block-columns is-layout-flex wp-container-core-columns-is-layout-9d6595d7 wp-block-columns-is-layout-flex\">\n<div class=\"wp-block-column is-layout-flow wp-block-column-is-layout-flow\" style=\"flex-basis:100%\">\n<figure class=\"wp-block-image size-full is-resized\"><img loading=\"lazy\" decoding=\"async\" width=\"293\" height=\"293\" src=\"http:\/\/morganetaverniers.com\/wp-content\/uploads\/2023\/11\/Fichier-1-1.png\" alt=\"\" class=\"wp-image-1014\" style=\"width:235px;height:auto\" srcset=\"https:\/\/morganetaverniers.com\/wp-content\/uploads\/2023\/11\/Fichier-1-1.png 293w, https:\/\/morganetaverniers.com\/wp-content\/uploads\/2023\/11\/Fichier-1-1-100x100.png 100w, https:\/\/morganetaverniers.com\/wp-content\/uploads\/2023\/11\/Fichier-1-1-150x150.png 150w, https:\/\/morganetaverniers.com\/wp-content\/uploads\/2023\/11\/Fichier-1-1-75x75.png 75w\" sizes=\"auto, (max-width: 293px) 100vw, 293px\" \/><\/figure>\n<\/div>\n<\/div>\n\n\n\n<p>Morgane, 25 ans, originaire du Nord de la France et habitant actuellement \u00e0 Lille.<\/p>\n\n\n\n<p>Apr\u00e8s avoir fait un parcours classique jusqu\u2019au lyc\u00e9e, je me suis orient\u00e9e vers une mise \u00e0 niveau en arts appliqu\u00e9s car je touchais un peu \u00e0 tout (peinture, aquarelle, dessin, photo, et un peu de couture vers la fin du lyc\u00e9e).<\/p>\n\n\n\n<p>Puis totalement par hasard, j\u2019ai d\u00e9couvert le mod\u00e9lisme et j\u2019ai su que c\u2019\u00e9tait \u00e7a que je voulais apprendre ! J\u2019ai donc encha\u00een\u00e9 avec un BTS et une licence professionnelle en mod\u00e9lisme industriel pour finir par en faire mon m\u00e9tier.<\/p>\n\n\n\n<p>Un m\u00e9tier, certes, mais avant tout une passion. Sur mon temps perso, je ne cesse d\u2019avoir des projets couture en t\u00eate et aujourd\u2019hui je suis assez fi\u00e8re de savoir coudre tout ce que je souhaite et que ma garde-robe s&rsquo;agrandit en fait main.<\/p>\n\n\n\n<p>Mais ce qui me trotte dans la t\u00eate depuis un moment, c\u2019est de me lancer aussi dans la cr\u00e9ation de patrons \u00e0 mon compte!<\/p>\n\n\n\n<p>J\u2019esp\u00e8re que mes id\u00e9es vous plairont !<\/p>\n","protected":false},"excerpt":{"rendered":"<p>Qui suis-je ?&nbsp; Morgane, 25 ans, originaire du Nord de la France et habitant actuellement \u00e0 Lille. Apr\u00e8s avoir fait un parcours classique jusqu\u2019au lyc\u00e9e, je me suis orient\u00e9e vers une mise \u00e0 niveau en arts appliqu\u00e9s car je touchais un peu \u00e0 tout (peinture, aquarelle, dessin, photo, et un peu de couture vers la fin du lyc\u00e9e). Puis totalement par hasard, j\u2019ai d\u00e9couvert le mod\u00e9lisme et j\u2019ai su que c\u2019\u00e9tait \u00e7a que je voulais apprendre ! J\u2019ai donc encha\u00een\u00e9 avec un BTS et une licence professionnelle en mod\u00e9lisme industriel pour finir par en faire mon m\u00e9tier. Un m\u00e9tier, certes, mais avant tout une passion. Sur mon temps perso, je ne cesse d\u2019avoir des projets couture en t\u00eate et aujourd\u2019hui je suis assez fi\u00e8re de savoir coudre tout ce que je souhaite et que ma garde-robe s&rsquo;agrandit en fait main. Mais ce qui me trotte dans la t\u00eate depuis un moment, c\u2019est de me lancer aussi dans la cr\u00e9ation de patrons \u00e0 mon compte! J\u2019esp\u00e8re que mes id\u00e9es vous plairont !<\/p>\n","protected":false},"author":1,"featured_media":0,"parent":0,"menu_order":0,"comment_status":"closed","ping_status":"closed","template":"","meta":{"_monsterinsights_skip_tracking":false,"_monsterinsights_sitenote_active":false,"_monsterinsights_sitenote_note":"","_monsterinsights_sitenote_category":0,"footnotes":""},"class_list":["post-966","page","type-page","status-publish","hentry"],"aioseo_notices":[],"jetpack_sharing_enabled":true,"_links":{"self":[{"href":"https:\/\/morganetaverniers.com\/index.php\/wp-json\/wp\/v2\/pages\/966","targetHints":{"allow":["GET"]}}],"collection":[{"href":"https:\/\/morganetaverniers.com\/index.php\/wp-json\/wp\/v2\/pages"}],"about":[{"href":"https:\/\/morganetaverniers.com\/index.php\/wp-json\/wp\/v2\/types\/page"}],"author":[{"embeddable":true,"href":"https:\/\/morganetaverniers.com\/index.php\/wp-json\/wp\/v2\/users\/1"}],"replies":[{"embeddable":true,"href":"https:\/\/morganetaverniers.com\/index.php\/wp-json\/wp\/v2\/comments?post=966"}],"version-history":[{"count":3,"href":"https:\/\/morganetaverniers.com\/index.php\/wp-json\/wp\/v2\/pages\/966\/revisions"}],"predecessor-version":[{"id":1015,"href":"https:\/\/morganetaverniers.com\/index.php\/wp-json\/wp\/v2\/pages\/966\/revisions\/1015"}],"wp:attachment":[{"href":"https:\/\/morganetaverniers.com\/index.php\/wp-json\/wp\/v2\/media?parent=966"}],"curies":[{"name":"wp","href":"https:\/\/api.w.org\/{rel}","templated":true}]}}

<p><strong>Qui suis-je ?&nbsp;</strong></p>



<div class="wp-block-columns is-layout-flex wp-container-core-columns-is-layout-9d6595d7 wp-block-columns-is-layout-flex">
<div class="wp-block-column is-layout-flow wp-block-column-is-layout-flow" style="flex-basis:100%">
<figure class="wp-block-image size-full is-resized"><img loading="lazy" decoding="async" width="293" height="293" src="http://morganetaverniers.com/wp-content/uploads/2023/11/Fichier-1-1.png" alt="" class="wp-image-1014" style="width:235px;height:auto" srcset="https://morganetaverniers.com/wp-content/uploads/2023/11/Fichier-1-1.png 293w, https://morganetaverniers.com/wp-content/uploads/2023/11/Fichier-1-1-100x100.png 100w, https://morganetaverniers.com/wp-content/uploads/2023/11/Fichier-1-1-150x150.png 150w, https://morganetaverniers.com/wp-content/uploads/2023/11/Fichier-1-1-75x75.png 75w" sizes="auto, (max-width: 293px) 100vw, 293px" /></figure>
</div>
</div>



<p>Morgane, 25 ans, originaire du Nord de la France et habitant actuellement à Lille.</p>



<p>Après avoir fait un parcours classique jusqu’au lycée, je me suis orientée vers une mise à niveau en arts appliqués car je touchais un peu à tout (peinture, aquarelle, dessin, photo, et un peu de couture vers la fin du lycée).</p>



<p>Puis totalement par hasard, j’ai découvert le modélisme et j’ai su que c’était ça que je voulais apprendre ! J’ai donc enchaîné avec un BTS et une licence professionnelle en modélisme industriel pour finir par en faire mon métier.</p>



<p>Un métier, certes, mais avant tout une passion. Sur mon temps perso, je ne cesse d’avoir des projets couture en tête et aujourd’hui je suis assez fière de savoir coudre tout ce que je souhaite et que ma garde-robe s&rsquo;agrandit en fait main.</p>



<p>Mais ce qui me trotte dans la tête depuis un moment, c’est de me lancer aussi dans la création de patrons à mon compte!</p>



<p>J’espère que mes idées vous plairont !</p>

<p>Qui suis-je ?&nbsp; Morgane, 25 ans, originaire du Nord de la France et habitant actuellement à Lille. Après avoir fait un parcours classique jusqu’au lycée, je me suis orientée vers une mise à niveau en arts appliqués car je touchais un peu à tout (peinture, aquarelle, dessin, photo, et un peu de couture vers la fin du lycée). Puis totalement par hasard, j’ai découvert le modélisme et j’ai su que c’était ça que je voulais apprendre ! J’ai donc enchaîné avec un BTS et une licence professionnelle en modélisme industriel pour finir par en faire mon métier. Un métier, certes, mais avant tout une passion. Sur mon temps perso, je ne cesse d’avoir des projets couture en tête et aujourd’hui je suis assez fière de savoir coudre tout ce que je souhaite et que ma garde-robe s&rsquo;agrandit en fait main. Mais ce qui me trotte dans la tête depuis un moment, c’est de me lancer aussi dans la création de patrons à mon compte! J’espère que mes idées vous plairont !</p>
