{"id":1023,"date":"2023-12-01T14:16:12","date_gmt":"2023-12-01T13:16:12","guid":{"rendered":"https:\/\/morganetaverniers.com\/?post_type=product&#038;p=1023"},"modified":"2025-03-17T12:46:08","modified_gmt":"2025-03-17T11:46:08","slug":"patron-pochette-manteau-casa","status":"publish","type":"product","link":"https:\/\/morganetaverniers.com\/index.php\/product\/patron-pochette-manteau-casa\/","title":{"rendered":"Manteau CASA &#8211; Patron POCHETTE"},"content":{"rendered":"<p>Patron du Manteau Casa au format POCHETTE.<\/p>\n<p>De la taille 34 \u00e0 52.<\/p>\n<p>Niveau de difficult\u00e9 : 3,5\/5<\/p>\n<p>La pochette comprend :<\/p>\n<ul>\n<li>Livret d&rsquo;instructions imprim\u00e9 (et en version PDF)<\/li>\n<li>Patron A0 imprim\u00e9 (et en version PDF)<\/li>\n<li>Patron A4 en version PDF<\/li>\n<\/ul>\n<p>Envoi uniquement en France et en point relais ou lockers avec Mondial Relay.<\/p>\n","protected":false},"excerpt":{"rendered":"<p>Casa est un manteau tr\u00e8s loose, matelass\u00e9 et \u00e0 la forme \u00e9vas\u00e9e qui apporte un grand confort. Ferm\u00e9 par un zip sur le devant, il peut se porter le col enti\u00e8rement remont\u00e9 ou col ouvert.<br \/>\nLe mod\u00e8le poss\u00e8de deux grandes poches sur le devant mais pas seulement. Sa particularit\u00e9 se trouve \u00e0 l\u2019int\u00e9rieur : on y trouve deux autres grandes poches o\u00f9 l\u2019on peut y mettre toutes ses petites affaires afin d\u2019\u00e9viter de sortir constamment avec son sac \u00e0 main ! Ses poches sont plus grandes qu\u2019un carnet A5 donc tr\u00e8s facile d\u2019y glisser son porte-monnaie, sa bo\u00eete \u00e0 lunettes, son t\u00e9l\u00e9phone, son bloc-notes, \u2026<\/p>\n<p><em>Partage tes cr\u00e9ations sur instagram #MorganeTaverniers #Manteaucasa<\/em><\/p>\n","protected":false},"featured_media":1095,"comment_status":"open","ping_status":"closed","template":"","meta":{"_monsterinsights_skip_tracking":false,"_monsterinsights_sitenote_active":false,"_monsterinsights_sitenote_note":"","_monsterinsights_sitenote_category":0},"product_brand":[],"product_cat":[43,49],"product_tag":[],"class_list":{"0":"post-1023","1":"product","2":"type-product","3":"status-publish","4":"has-post-thumbnail","6":"product_cat-patron-pochette","7":"product_cat-vetements-pochette","9":"first","10":"instock","11":"downloadable","12":"shipping-taxable","13":"purchasable","14":"product-type-simple"},"aioseo_notices":[],"jetpack_sharing_enabled":true,"_links":{"self":[{"href":"https:\/\/morganetaverniers.com\/index.php\/wp-json\/wp\/v2\/product\/1023","targetHints":{"allow":["GET"]}}],"collection":[{"href":"https:\/\/morganetaverniers.com\/index.php\/wp-json\/wp\/v2\/product"}],"about":[{"href":"https:\/\/morganetaverniers.com\/index.php\/wp-json\/wp\/v2\/types\/product"}],"replies":[{"embeddable":true,"href":"https:\/\/morganetaverniers.com\/index.php\/wp-json\/wp\/v2\/comments?post=1023"}],"wp:featuredmedia":[{"embeddable":true,"href":"https:\/\/morganetaverniers.com\/index.php\/wp-json\/wp\/v2\/media\/1095"}],"wp:attachment":[{"href":"https:\/\/morganetaverniers.com\/index.php\/wp-json\/wp\/v2\/media?parent=1023"}],"wp:term":[{"taxonomy":"product_brand","embeddable":true,"href":"https:\/\/morganetaverniers.com\/index.php\/wp-json\/wp\/v2\/product_brand?post=1023"},{"taxonomy":"product_cat","embeddable":true,"href":"https:\/\/morganetaverniers.com\/index.php\/wp-json\/wp\/v2\/product_cat?post=1023"},{"taxonomy":"product_tag","embeddable":true,"href":"https:\/\/morganetaverniers.com\/index.php\/wp-json\/wp\/v2\/product_tag?post=1023"}],"curies":[{"name":"wp","href":"https:\/\/api.w.org\/{rel}","templated":true}]}}