{"id":1314,"date":"2025-03-17T12:47:18","date_gmt":"2025-03-17T11:47:18","guid":{"rendered":"https:\/\/morganetaverniers.com\/?post_type=product&#038;p=1314"},"modified":"2025-03-17T12:52:33","modified_gmt":"2025-03-17T11:52:33","slug":"veste-berry-patron-pochette","status":"publish","type":"product","link":"https:\/\/morganetaverniers.com\/index.php\/product\/veste-berry-patron-pochette\/","title":{"rendered":"Veste BERRY &#8211; Patron POCHETTE"},"content":{"rendered":"<p>Patron de la Veste Berry au format POCHETTE.<\/p>\n<p>De la taille 34 \u00e0 52.<\/p>\n<p>Niveau de difficult\u00e9 : 3\/5<\/p>\n<p>La pochette comprend :<\/p>\n<ul>\n<li>Livret d\u2019instructions imprim\u00e9 (et en version PDF)<\/li>\n<li>Patron A0 imprim\u00e9 (et en version PDF)<\/li>\n<li>Patron A4 en version PDF<\/li>\n<\/ul>\n<p>Envoi uniquement en France et en point relais ou lockers avec Mondial Relay.<\/p>\n","protected":false},"excerpt":{"rendered":"<p>Berry est une veste femme courte et de coupe droite non doubl\u00e9e. Le devant poss\u00e8de des angles arrondis qui rend ce mod\u00e8le de veste original. Elle se ferme par 4 boutons sur le devant et poss\u00e8de 2 poches ext\u00e9rieures pour principalement mettre ses mains. A l\u2019int\u00e9rieur, on retrouve 4 poches (2 de chaque c\u00f4t\u00e9) qui elles, servent \u00e0 emmener ses petites affaires quand on sort. (T\u00e9l\u00e9phone, CB, mouchoirs, cl\u00e9s ..)<\/p>\n<p><em>Partage tes cr\u00e9ations sur instagram #MorganeTaverniers #Vesteberry<\/em><\/p>\n","protected":false},"featured_media":1094,"comment_status":"open","ping_status":"closed","template":"","meta":{"_monsterinsights_skip_tracking":false,"_monsterinsights_sitenote_active":false,"_monsterinsights_sitenote_note":"","_monsterinsights_sitenote_category":0},"product_brand":[],"product_cat":[43,49],"product_tag":[],"class_list":{"0":"post-1314","1":"product","2":"type-product","3":"status-publish","4":"has-post-thumbnail","6":"product_cat-patron-pochette","7":"product_cat-vetements-pochette","9":"first","10":"instock","11":"downloadable","12":"shipping-taxable","13":"purchasable","14":"product-type-simple"},"aioseo_notices":[],"jetpack_sharing_enabled":true,"_links":{"self":[{"href":"https:\/\/morganetaverniers.com\/index.php\/wp-json\/wp\/v2\/product\/1314","targetHints":{"allow":["GET"]}}],"collection":[{"href":"https:\/\/morganetaverniers.com\/index.php\/wp-json\/wp\/v2\/product"}],"about":[{"href":"https:\/\/morganetaverniers.com\/index.php\/wp-json\/wp\/v2\/types\/product"}],"replies":[{"embeddable":true,"href":"https:\/\/morganetaverniers.com\/index.php\/wp-json\/wp\/v2\/comments?post=1314"}],"wp:featuredmedia":[{"embeddable":true,"href":"https:\/\/morganetaverniers.com\/index.php\/wp-json\/wp\/v2\/media\/1094"}],"wp:attachment":[{"href":"https:\/\/morganetaverniers.com\/index.php\/wp-json\/wp\/v2\/media?parent=1314"}],"wp:term":[{"taxonomy":"product_brand","embeddable":true,"href":"https:\/\/morganetaverniers.com\/index.php\/wp-json\/wp\/v2\/product_brand?post=1314"},{"taxonomy":"product_cat","embeddable":true,"href":"https:\/\/morganetaverniers.com\/index.php\/wp-json\/wp\/v2\/product_cat?post=1314"},{"taxonomy":"product_tag","embeddable":true,"href":"https:\/\/morganetaverniers.com\/index.php\/wp-json\/wp\/v2\/product_tag?post=1314"}],"curies":[{"name":"wp","href":"https:\/\/api.w.org\/{rel}","templated":true}]}}