{"id":1316,"date":"2025-03-17T12:56:49","date_gmt":"2025-03-17T11:56:49","guid":{"rendered":"https:\/\/morganetaverniers.com\/?post_type=product&#038;p=1316"},"modified":"2025-03-17T12:58:15","modified_gmt":"2025-03-17T11:58:15","slug":"veste-osmo-patron-pochette","status":"publish","type":"product","link":"https:\/\/morganetaverniers.com\/index.php\/product\/veste-osmo-patron-pochette\/","title":{"rendered":"Veste OSMO &#8211; Patron POCHETTE"},"content":{"rendered":"<p>Patron homme de la veste Osmo au format POCHETTE.<\/p>\n<p>De la taille XS au 2XL.<\/p>\n<p>Niveau de difficult\u00e9 : 3\/5<\/p>\n<p>La pochette comprend :<\/p>\n<ul>\n<li>Livret d\u2019instructions imprim\u00e9 (et en version PDF)<\/li>\n<li>Patron A0 imprim\u00e9 (et en version PDF)<\/li>\n<li>Patron A4 en version PDF<\/li>\n<\/ul>\n<p>Envoi uniquement en France et en point relais ou lockers avec Mondial Relay.<\/p>\n","protected":false},"excerpt":{"rendered":"<p>Osmo est une veste homme de coupe droite non doubl\u00e9e. Elle est ferm\u00e9e jusqu\u2019au pied de col par des boutons sur le devant. La veste poss\u00e8de 2 poches ext\u00e9rieures pour les petits objets du quotidien (CB, mouchoirs, &#8230;). A l\u2019int\u00e9rieur, on retrouve 2 poches (1 de chaque c\u00f4t\u00e9) avec 2 compartiments chacune qui peuvent emmener des objets un peu plus gros (t\u00e9l\u00e9phone, porte feuille, bo\u00eete \u00e0 lunettes, &#8230;).<\/p>\n<p><em>Partage tes cr\u00e9ations sur instagram #MorganeTaverniers #Vesteosmo<\/em><\/p>\n<p>&nbsp;<\/p>\n<p>&nbsp;<\/p>\n","protected":false},"featured_media":1098,"comment_status":"open","ping_status":"closed","template":"","meta":{"_monsterinsights_skip_tracking":false,"_monsterinsights_sitenote_active":false,"_monsterinsights_sitenote_note":"","_monsterinsights_sitenote_category":0},"product_brand":[],"product_cat":[43,49],"product_tag":[],"class_list":{"0":"post-1316","1":"product","2":"type-product","3":"status-publish","4":"has-post-thumbnail","6":"product_cat-patron-pochette","7":"product_cat-vetements-pochette","9":"first","10":"instock","11":"downloadable","12":"shipping-taxable","13":"purchasable","14":"product-type-simple"},"aioseo_notices":[],"jetpack_sharing_enabled":true,"_links":{"self":[{"href":"https:\/\/morganetaverniers.com\/index.php\/wp-json\/wp\/v2\/product\/1316","targetHints":{"allow":["GET"]}}],"collection":[{"href":"https:\/\/morganetaverniers.com\/index.php\/wp-json\/wp\/v2\/product"}],"about":[{"href":"https:\/\/morganetaverniers.com\/index.php\/wp-json\/wp\/v2\/types\/product"}],"replies":[{"embeddable":true,"href":"https:\/\/morganetaverniers.com\/index.php\/wp-json\/wp\/v2\/comments?post=1316"}],"wp:featuredmedia":[{"embeddable":true,"href":"https:\/\/morganetaverniers.com\/index.php\/wp-json\/wp\/v2\/media\/1098"}],"wp:attachment":[{"href":"https:\/\/morganetaverniers.com\/index.php\/wp-json\/wp\/v2\/media?parent=1316"}],"wp:term":[{"taxonomy":"product_brand","embeddable":true,"href":"https:\/\/morganetaverniers.com\/index.php\/wp-json\/wp\/v2\/product_brand?post=1316"},{"taxonomy":"product_cat","embeddable":true,"href":"https:\/\/morganetaverniers.com\/index.php\/wp-json\/wp\/v2\/product_cat?post=1316"},{"taxonomy":"product_tag","embeddable":true,"href":"https:\/\/morganetaverniers.com\/index.php\/wp-json\/wp\/v2\/product_tag?post=1316"}],"curies":[{"name":"wp","href":"https:\/\/api.w.org\/{rel}","templated":true}]}}