{"id":1394,"date":"2025-03-23T16:13:52","date_gmt":"2025-03-23T15:13:52","guid":{"rendered":"https:\/\/morganetaverniers.com\/?post_type=product&#038;p=1394"},"modified":"2025-03-23T16:38:46","modified_gmt":"2025-03-23T15:38:46","slug":"etiquettes-a-coudre_fleurs-lot-de-4","status":"publish","type":"product","link":"https:\/\/morganetaverniers.com\/index.php\/product\/etiquettes-a-coudre_fleurs-lot-de-4\/","title":{"rendered":"Etiquettes \u00e0 coudre_Fleurs (lot de 4)"},"content":{"rendered":"<p>Lot de 4 \u00e9tiquettes \u00e0 coudre.<\/p>\n<p>Dimensions :<\/p>\n<ul>\n<li>Etiquette \u00ab\u00a0Fleurs\u00a0\u00bb : 3,5 x 3,5cm<\/li>\n<li>Etiquette \u00ab\u00a0Couture fleurie\u00a0\u00bb : 2 x 3,5cm<\/li>\n<li>Etiquette \u00ab\u00a0Amoureuse\u00a0\u00bb : 2 x 6cm<\/li>\n<li>Etiquette pli\u00e9e \u00ab\u00a0Fleurs\u00a0\u00bb : 1 x 3 cm (pli\u00e9e) -&gt; Donne 1 x 2cm une fois cousue dans la couture.<\/li>\n<\/ul>\n","protected":false},"excerpt":{"rendered":"<p>Lot de 4 \u00e9tiquettes imprim\u00e9es pour coudre sur ses v\u00eatements ou accessoires cousus. (voire m\u00eame tricot\u00e9s !)<\/p>\n<p>Vendues dans une pochette fait maison et d\u00e9coup\u00e9e gr\u00e2ce \u00e0 une machine laser.<\/p>\n<p>&nbsp;<\/p>\n<p><em>Partage tes cr\u00e9ations sur instagram #MorganeTaverniers<\/em><\/p>\n","protected":false},"featured_media":1403,"comment_status":"open","ping_status":"closed","template":"","meta":{"_monsterinsights_skip_tracking":false,"_monsterinsights_sitenote_active":false,"_monsterinsights_sitenote_note":"","_monsterinsights_sitenote_category":0},"product_brand":[],"product_cat":[52],"product_tag":[],"class_list":{"0":"post-1394","1":"product","2":"type-product","3":"status-publish","4":"has-post-thumbnail","6":"product_cat-etiquettes-a-coudre","7":"product_shipping_class-etiquettes-a-coudre","9":"first","10":"instock","11":"shipping-taxable","12":"purchasable","13":"product-type-simple"},"aioseo_notices":[],"jetpack_sharing_enabled":true,"_links":{"self":[{"href":"https:\/\/morganetaverniers.com\/index.php\/wp-json\/wp\/v2\/product\/1394","targetHints":{"allow":["GET"]}}],"collection":[{"href":"https:\/\/morganetaverniers.com\/index.php\/wp-json\/wp\/v2\/product"}],"about":[{"href":"https:\/\/morganetaverniers.com\/index.php\/wp-json\/wp\/v2\/types\/product"}],"replies":[{"embeddable":true,"href":"https:\/\/morganetaverniers.com\/index.php\/wp-json\/wp\/v2\/comments?post=1394"}],"wp:featuredmedia":[{"embeddable":true,"href":"https:\/\/morganetaverniers.com\/index.php\/wp-json\/wp\/v2\/media\/1403"}],"wp:attachment":[{"href":"https:\/\/morganetaverniers.com\/index.php\/wp-json\/wp\/v2\/media?parent=1394"}],"wp:term":[{"taxonomy":"product_brand","embeddable":true,"href":"https:\/\/morganetaverniers.com\/index.php\/wp-json\/wp\/v2\/product_brand?post=1394"},{"taxonomy":"product_cat","embeddable":true,"href":"https:\/\/morganetaverniers.com\/index.php\/wp-json\/wp\/v2\/product_cat?post=1394"},{"taxonomy":"product_tag","embeddable":true,"href":"https:\/\/morganetaverniers.com\/index.php\/wp-json\/wp\/v2\/product_tag?post=1394"}],"curies":[{"name":"wp","href":"https:\/\/api.w.org\/{rel}","templated":true}]}}